4
What is the hundreds digit of 78844843?
8
What is the hundred millions digit of 601435724?
6
What is the thousands digit of 963072787?
2
What is the hundreds digit of 29512436?
4
What is the hundred millions digit of 666987672?
6
What is the units digit of 105612177?
7
What is the hundred millions digit of 2512936756?
5
What is the tens digit of 3579906737?
3
What is the millions digit of 121978218?
1
What is the ten millions digit of 7553160996?
5
What is the thousands digit of 17908104?
8
What is the ten millions digit of 1900499623?
0
What is the ten millions digit of 39659678?
3
What is the ten millions digit of 48752116?
4
What is the tens digit of 78271726?
2
What is the millions digit of 23420227?
3
What is the millions digit of 62546216?
2
What is the thousands digit of 1470456497?
6
What is the millions digit of 74051410?
4
What is the ten millions digit of 140204018?
4
What is the ten thousands digit of 188142803?
4
What is the ten thousands digit of 117991611?
9
What is the units digit of 498634347?
7
What is the millions digit of 25290855?
5
What is the hundreds digit of 131332775?
7
What is the units digit of 151039813?
3
What is the millions digit of 1068524260?
8
What is the hundred thousands digit of 2124011461?
0
What is the ten thousands digit of 2716513229?
1
What is the ten millions digit of 10766320?
1
What is the millions digit of 54489400?
4
What is the thousands digit of 206024957?
4
What is the tens digit of 63238265?
6
What is the ten millions digit of 35588205?
3
What is the hundred thousands digit of 1066640273?
6
What is the hundreds digit of 27749703?
7
What is the ten thousands digit of 774992688?
9
What is the millions digit of 4116174?
4
What is the hundred millions digit of 322189106?
3
What is the ten millions digit of 30698835?
3
What is the tens digit of 65219311?
1
What is the hundred thousands digit of 6462439385?
4
What is the ten millions digit of 92365564?
9
What is the tens digit of 244857140?
4
What is the hundred millions digit of 103476951?
1
What is the thousands digit of 1579705834?
5
What is the ten millions digit of 232558135?
3
What is the units digit of 2083821162?
2
What is the units digit of 995191938?
8
What is the tens digit of 4362305100?
0
What is the ten millions digit of 279759326?
7
What is the hundred millions digit of 1532218079?
5
What is the thousands digit of 79833456?
3
What is the units digit of 227610789?
9
What is the ten thousands digit of 9352068?
5
What is the millions digit of 24330661?
4
What is the tens digit of 193761479?
7
What is the units digit of 9069929?
9
What is the ten millions digit of 55892379?
5
What is the thousands digit of 353449242?
9
What is the ten thousands digit of 86511735?
1
What is the units digit of 79741669?
9
What is the tens digit of 321593341?
4
What is the ten millions digit of 2114468085?
1
What is the ten thousands digit of 5678739519?
3
What is the tens digit of 3708464231?
3
What is the thousands digit of 136541408?
1
What is the thousands digit of 270734925?
4
What is the tens digit of 29680010?
1
What is the hundreds digit of 273745721?
7
What is the hundred thousands digit of 960306567?
3
What is the hundred thousands digit of 73319567?
3
What is the hundred thousands digit of 5890375?
8
What is the tens digit of 1447685337?
3
What is the ten millions digit of 96275763?
9
What is the millions digit of 1522757883?
2
What is the ten millions digit of 58911956?
5
What is the ten millions digit of 5918624168?
1
What is the hundreds digit of 3622612675?
6
What is the millions digit of 3182177858?
2
What is the tens digit of 104106481?
8
What is the units digit of 4057855783?
3
What is the hundreds digit of 23691862?
8
What is the ten millions digit of 890355273?
9
What is the units digit of 880619214?
4
What is the units digit of 93825579?
9
What is the ten thousands digit of 5171902036?
0
What is the tens digit of 31018322?
2
What is the units digit of 42057326?
6
What is the millions digit of 7912161805?
2
What is the thousands digit of 452907596?
7
What is the ten millions digit of 2655938560?
5
What is the hundreds digit of 137439826?
8
What is the thousands digit of 86013452?
3
What is the millions digit of 136331261?
6
What is the hundred thousands digit of 48997723?
9
What is the hundred millions digit of 1051526140?
0
What is the tens digit of 604058728?
2
What is the hundreds digit of 65150848?
8
What is the tens digit of 3837676210?
1
What is the hundred thousands digit of 202082548?
0
What is the ten thousands digit of 67765319?
6
What is the ten millions digit of 5410740282?
1
What is the hundred millions digit of 917793439?
9
What is the millions digit of 726874452?
6
What is the millions digit of 35225114?
5
What is the hundred thousands digit of 281217239?
2
What is the hundreds digit of 54163605?
6
What is the ten thousands digit of 1096364260?
6
What is the tens digit of 714650921?
2
What is the ten thousands digit of 15714498?
1
What is the thousands digit of 133191148?
1
What is the millions digit of 214343056?
4
What is the thousands digit of 126968398?
8
What is the ten thousands digit of 85093554?
9
What is the thousands digit of 113195347?
5
What is the thousands digit of 51381421?
1
What is the billions digit of 1187786953?
1
What is the hundreds digit of 5903242234?
2
What is the thousands digit of 843803862?
3
What is the hundred thousands digit of 2144322594?
3
What is the thousands digit of 87436712?
6
What is the tens digit of 1665301?
0
What is the ten millions digit of 659593611?
5
What is the tens digit of 205885128?
2
What is the units digit of 47073345?
5
What is the hundreds digit of 1622344482?
4
What is the ten millions digit of 3938280838?
3
What is the thousands digit of 205645686?
5
What is the thousands digit of 396200967?
0
What is the units digit of 386710780?
0
What is the hundred thousands digit of 360145406?
1
What is the ten millions digit of 258623376?
5
What is the thousands digit of 22098206?
8
What is the units digit of 60076777?
7
What is the hundreds digit of 9000531783?
7
What is the ten thousands digit of 5828175443?
7
What is the tens digit of 1841856071?
7
What is the units digit of 324069555?
5
What is the hundreds digit of 601715736?
7
What is the thousands digit of 22722694?
2
What is the hundred millions digit of 875720271?
8
What is the millions digit of 110887351?
0
What is the billions digit of 1373765214?
1
What is the ten millions digit of 180673264?
8
What is the hundred thousands digit of 23123614?
1
What is the hundreds digit of 337256329?
3
What is the hundred thousands digit of 18250093?
2
What is the ten thousands digit of 10952708?
5
What is the billions digit of 3994912142?
3
What is the units digit of 2107801617?
7
What is the thousands digit of 90090367?
0
What is the hundred millions digit of 2434098252?
4
What is the hundreds digit of 203922817?
8
What is the hundreds digit of 66804391?
3
What is the hundreds digit of 69473442?
4
What is the ten millions digit of 1071678130?
7
What is the thousands digit of 2732122756?
2
What is the millions digit of 36769237?
6
What is the millions digit of 39275577?
9
What is the ten thousands digit of 1058251988?
5
What is the thousands digit of 6978816?
8
What is the billions digit of 3083430504?
3
What is the tens digit of 3610264512?
1
What is the thousands digit of 37934547?
4
What is the hundred millions digit of 1275844603?
2
What is the ten thousands digit of 1922111600?
1
What is the tens digit of 865902759?
5
What is the tens digit of 3052524?
2
What is the ten millions digit of 1114596026?
1
What is the ten thousands digit of 616464211?
6
What is the thousands digit of 61443486?
3
What is the ten thousands digit of 1460565919?
6
What is the hundred thousands digit of 4344805917?
8
What is the ten millions digit of 4252403819?
5
What is the ten thousands digit of 902298722?
9
What is the hundred millions digit of 210900996?
2
What is the hundred millions digit of 1499384236?
4
What is the units digit of 29640283?
3
What is the tens digit of 3742302154?
5
What is the ten thousands digit of 56853764?
5
What is the hundreds digit of 119849722?
7
What is the thousands digit of 66335076?
5
What is the millions digi